y - -9. What are the prime factors of v?
5
Suppose -3*v - 5*j + 6 = -2*j, -4*v + 5*j + 26 = 0. Let u be (3/6)/(2/v). Let i = u - -3. What are the prime factors of i?
2
Suppose -w + 21 = -4*w. Let p = 14 - w. Suppose 5*z = 19 + p. List the prime factors of z.
2
Suppose 3*p + 2*p - 170 = 0. Suppose 3*k - p = k. List the prime factors of k.
17
Suppose 10*l - 1196 = 164. What are the prime factors of l?
2, 17
Suppose 6 = -2*g + 14. Suppose -2*d - 20 = -g*f, d = -0*d. Let i = 12 + f. What are the prime factors of i?
17
Let o = 323 - 68. What are the prime factors of o?
3, 5, 17
Let u(x) = 21*x - 3. Let w be u(4). Suppose 0 = -2*l - l + w. List the prime factors of l.
3
Let t(k) = -k**3 + 4*k**2 - 3*k + 2. Let s be t(3). Suppose 4*u = -4*x + 38 + 38, -5*u + s*x + 130 = 0. Suppose 7*q - 4*q = u. List the prime factors of q.
2
Suppose i - 380 = -2*k - 26, i = 4*k - 696. List the prime factors of k.
5, 7
Let p = -84 - -262. List the prime factors of p.
2, 89
Let u = -18 - -25. Suppose u*y - 3*y + 15 = 5*f, -6 = -2*f + 2*y. List the prime factors of f.
3
Suppose -4*y = 4*t - 60, -2*y + 9 = -4*t - 45. List the prime factors of y.
19
Suppose 5*k = 2*k + 6. Suppose -k = 3*r - 35. What are the prime factors of -2 + 4 + r + 0?
13
Suppose 3*q = p + 15, -2*q + 2 + 4 = 0. What are the prime factors of 2*p/4*-5?
3, 5
What are the prime factors of ((3 - 1) + -45)/((-1)/4)?
2, 43
What are the prime factors of (-94)/(-8) - (-8)/32?
2, 3
Let l be ((-9)/(-6))/((-6)/(-212)). Suppose -5*y = -2*c - 110, -y - c = y - l. List the prime factors of y.
2, 3
Let x(r) = -2*r + 15. Let f be x(7). List the prime factors of (-1)/f + -3 + 29.
5
Let h(u) = u**3 - 10*u**2 - 3*u + 2. Let o be h(10). Let k = -11 - o. List the prime factors of k.
17
Let w = 10 + -5. Suppose -x - 11 = -2*d, -w*d = x - 24 + 7. Suppose 4*f = n - 6*n + 11, 5*f = -d*n + 7. What are the prime factors of n?
3
Let q(m) = -m - 4. Suppose 4*w + 19 = -17. Let z(n) = -4*n - 15. Let l(o) = w*q(o) + 2*z(o). List the prime factors of l(5).
11
Let h be ((-18)/8)/(1/(-24)). Suppose 2*s = 5*r + 103, 0 = 2*s + 2*r - 28 - h. Suppose 4*u - s = -y + 3*y, -5*y = 0. List the prime factors of u.
11
Let o(h) = h + 1. Let v be (-8)/(-3)*6/4. Let z be o(v). Let q = z - -2. What are the prime factors of q?
7
Suppose 5*u - 6 - 14 = 0. Suppose 16 = -u*k, -5*z + 5*k = -10*z. Suppose 2*v + z = 14. List the prime factors of v.
5
Let v(p) = 4*p + 2. Let c be 35/15 - (-1)/(-3). What are the prime factors of v(c)?
2, 5
Suppose 0 = 3*q - 2*q - 2. Suppose y = q*y. Suppose -3*d + 48 = 5*p, y = -2*d - 5*p + 60 - 23. List the prime factors of d.
11
Let a(b) = 5*b**2 - b. Let q = 4 + -3. Let i be a(q). Suppose -i*r = -75 + 23. What are the prime factors of r?
13
Let z(j) = -1 + 1 + j + 1. Let g be z(4). List the prime factors of (-4)/g*(-12 - -2).
2
Let y = 0 + 5. Let p(o) = o - o**3 + o + y*o**2 - 2*o**2. What are the prime factors of p(2)?
2
Suppose 2*k = 5*k - 93. What are the prime factors of k?
31
Let i be (-2)/3*1*3. Let n be 2/4 + (-5)/i. Suppose n*q - 35 = 5*h, -q + 2*h - 4*h = 3. List the prime factors of q.
5
List the prime factors of ((-4)/(-4))/1*71.
71
Let v = 123 - 83. List the prime factors of v.
2, 5
What are the prime factors of 4 + -8 + 0 + 26?
2, 11
Let z = -18 + 25. Suppose 4*k + z + 5 = 0. Let w = -1 - k. What are the prime factors of w?
2
Let k = 124 - -37. What are the prime factors of k?
7, 23
Suppose -9 = -5*w - 3*v, -v - 12 = -5*v. Suppose 2*m + w*m - 72 = 0. Suppose -k + 5*k - m = 0. List the prime factors of k.
3
Let g(f) = -65*f + 1. What are the prime factors of g(-1)?
2, 3, 11
Suppose -3 = -w + 4*a, 51 = 2*w - 2*a + 3*a. List the prime factors of w.
23
What are the prime factors of 802/14 + 16/(-56)?
3, 19
Let x(f) = 2*f**3 + 4*f**2 + 4. Let b be x(-3). Suppose 0 = 7*l - 5*l + 40. Let v = b - l. What are the prime factors of v?
2, 3
Suppose -4*l + 46 = 2*a - 3*l, -3*l - 60 = -3*a. List the prime factors of a.
2, 11
Suppose 31 = 5*b - 334. List the prime factors of b.
73
Let f(g) = 4*g - 3. Let i be f(3). Let r be -6*1*(-2)/4. Let p = r + i. List the prime factors of p.
2, 3
Suppose 32*l = 31*l + 353. What are the prime factors of l?
353
Let x(a) be the third derivative of a**7/5040 + a**6/180 - a**5/60 - 2*a**2. Let h(f) be the third derivative of x(f). What are the prime factors of h(3)?
7
Let j(m) = -12*m. List the prime factors of j(-4).
2, 3
Suppose 0 = 3*v - 32 + 2. What are the prime factors of (5 + -35)*(-8)/v?
2, 3
List the prime factors of 1/6 + (-2300)/(-24).
2, 3
Let d = 0 + -1. Let q be d/(3 - 2) + 6. Let u(t) = -t**3 + 6*t**2 - 3*t - 5. List the prime factors of u(q).
5
Let n be (-4)/((-39)/15 + 3). List the prime factors of (-6)/(-3 + (-28)/n).
2, 3, 5
Let i(n) = -n**2 + 6*n. Let p be i(6). Suppose g + 2*v - 3*v + 51 = 0, 2*v + 10 = p. Let y = -38 - g. List the prime factors of y.
2, 3
Let a(t) be the third derivative of t**4/8 - t**3/6 + 11*t**2. Suppose -2*h = -5 + 1. What are the prime factors of a(h)?
5
Let v(r) be the second derivative of -r**5/20 - r**4/3 - 2*r**3/3 - r. Let f(b) = b**3 + 5*b**2 + b + 2. Let s be f(-5). List the prime factors of v(s).
3
Let k = 28 - 81. Let w = 86 + k. What are the prime factors of w?
3, 11
Let j(p) = -p**2 + p + 3. Let h be j(0). Suppose a = -h + 13. Suppose 0 = -i + a + 1. What are the prime factors of i?
11
Let l = -4 + 51. List the prime factors of l.
47
Let l = 3 - 3. Let j be -5*(l + (-2)/5). Suppose n = 4*b + 9, j*n = -0*n + 2*b + 24. What are the prime factors of n?
13
Let y(g) = -g**2 + 8*g - 5. Let f be y(7). Let n = f + 3. Suppose n*c - 29 = 6. What are the prime factors of c?
7
Let m(h) = -9 + 8*h**2 + 2 - 10*h - h**3 + 2*h**3. What are the prime factors of m(-9)?
2
Let a(q) = -2*q - 4. Let b = -11 - -8. Let x be a(b). Suppose -x*w + 7*w = 20. What are the prime factors of w?
2
Let f(c) = 13*c + 11. List the prime factors of f(10).
3, 47
What are the prime factors of -2 + (-66)/(-2 - 1)?
2, 5
Let v = 28 + -5. Let k = v + 20. List the prime factors of k.
43
Suppose -8*t = -411 - 45. What are the prime factors of t?
3, 19
Let k(t) = -t - 14. Let g be k(-6). Let f = 15 + g. Let c = f - -5. What are the prime factors of c?
2, 3
Let y = -567 - -913. What are the prime factors of y?
2, 173
Let w be 3 + -2 - (-4 + -4). Let r be (-142)/w - 6/27. What are the prime factors of 8/2*(-76)/r?
19
Suppose 2*a - 2*x = 42, -5*a + a - 4*x + 44 = 0. What are the prime factors of a?
2
Let w(m) = -m**2 + 17. Let v(h) = h**3 + 5*h**2 + h + 5. Let f be v(-5). Let j be w(f). Let a = j - 12. List the prime factors of a.
5
Suppose 7 - 1 = -3*g, 4*a - g = -2. Let o = 10 + a. List the prime factors of o.
3
Suppose 0 = 2*c - 7*c - 20. What are the prime factors of 2/c - 91/(-2)?
3, 5
Suppose -1 + 15 = 2*s. What are the prime factors of s?
7
Let j(z) = z**2 + 5*z - 3. Let b be j(-6). Suppose -57 = -b*l + 48. List the prime factors of l.
5, 7
Let z(k) = 39*k**2 - 2*k + 1. Let f be z(2). Let q be f/(-12)*(-1 + -3). Suppose -151 = -5*t - q. What are the prime factors of t?
2, 5
Let g be 0 - (1 - (3 + -1)). Let j = g - 0. List the prime factors of j + (-2 - -2) + 10.
11
Let a = -5 - -8. Suppose 12 = -a*g + 36. List the prime factors of g.
2
Let b(o) = 2*o**2 - 5*o + 4. Let l = 7 + -3. What are the prime factors of b(l)?
2
Let w be (8 + -8)/(-1 - -4). What are the prime factors of 13/(w + (-3)/(-9))?
3, 13
Suppose -3*w + 2*g + 517 = -2*g, 5*w + g - 831 = 0. What are the prime factors of w?
167
Suppose -2*k + 3*p = -k - 5, -3*k = -5*p - 11. Suppose -f + 7 = -k*l - 8, 4*f - 2*l - 78 = 0. What are the prime factors of f?
3, 7
List the prime factors of 5*8 + 4/(-2).
2, 19
Let o = 146 - -15. Suppose -3*t = -5*a + 229, 2*a + 5*t = -2*a + o. Let c = a + -28. List the prime factors of c.
2
Let i = -8 - 2. Let h = -7 - i. Suppose 4*k = -12, 5*v = h*v + 3*k + 35. What are the prime factors of v?
13
Let t(w) = w**3 + 8*w**2 + 5*w - 6. Let n be t(-7). Suppose -j = n - 48. Let y = -22 + j. List the prime factors of y.
2, 3
Let v be (1*6)/(-2 - -1). Let w be ((-46)/4)/(3/v). Suppose 0 = 3*n - 3*p - w + 5, 0 = n - 4*p + 3. List the prime factors of n.
3
Let m be 1/3 - (-3)/(-9). Suppose -3*i + m = -12. Suppose -i*c = -21 - 15. List the prime factors of c.
3
Let r(h) = h**3 + 3*h + 2*h**2 + h -